5893?
8
What is the tens digit of 2365274526?
2
What is the ten millions digit of 232789299?
3
What is the tens digit of 64699728?
2
What is the hundred thousands digit of 6734246604?
2
What is the ten thousands digit of 52191683?
9
What is the hundred thousands digit of 2878322995?
3
What is the thousands digit of 1666314251?
4
What is the ten thousands digit of 103527424?
2
What is the thousands digit of 299949181?
9
What is the hundred thousands digit of 1393977140?
9
What is the ten thousands digit of 154166115?
6
What is the thousands digit of 23190771?
0
What is the thousands digit of 41783992?
3
What is the thousands digit of 733116586?
6
What is the ten thousands digit of 105324818?
2
What is the hundred thousands digit of 5439806?
4
What is the units digit of 872216814?
4
What is the ten millions digit of 22825830?
2
What is the millions digit of 2415631312?
5
What is the hundred millions digit of 102244862?
1
What is the units digit of 146970154?
4
What is the ten thousands digit of 78656411?
5
What is the millions digit of 71615268?
1
What is the thousands digit of 799604843?
4
What is the thousands digit of 18609615?
9
What is the ten millions digit of 343679236?
4
What is the ten millions digit of 226685840?
2
What is the hundreds digit of 57629533?
5
What is the ten millions digit of 99865475?
9
What is the units digit of 5257881324?
4
What is the hundreds digit of 293055961?
9
What is the hundred thousands digit of 54855269?
8
What is the thousands digit of 38138042?
8
What is the hundred millions digit of 171308639?
1
What is the tens digit of 30715531?
3
What is the millions digit of 143914161?
3
What is the thousands digit of 1061913988?
3
What is the ten thousands digit of 39664511?
6
What is the millions digit of 838604059?
8
What is the billions digit of 7075596505?
7
What is the units digit of 1116138839?
9
What is the thousands digit of 258183689?
3
What is the thousands digit of 1164314946?
4
What is the hundred thousands digit of 23248967?
2
What is the ten millions digit of 297753230?
9
What is the tens digit of 1101058650?
5
What is the ten thousands digit of 3404754620?
5
What is the ten thousands digit of 2309442354?
4
What is the tens digit of 972733628?
2
What is the hundred thousands digit of 54745316?
7
What is the billions digit of 1579703187?
1
What is the thousands digit of 5852957102?
7
What is the hundred thousands digit of 37543013?
5
What is the hundred millions digit of 130032375?
1
What is the hundreds digit of 654849098?
0
What is the hundred thousands digit of 162453802?
4
What is the ten millions digit of 44044574?
4
What is the thousands digit of 1521096200?
6
What is the millions digit of 20594923?
0
What is the ten thousands digit of 534293585?
9
What is the hundreds digit of 47690481?
4
What is the units digit of 212915401?
1
What is the ten millions digit of 830584623?
3
What is the thousands digit of 974037633?
7
What is the hundreds digit of 1744278934?
9
What is the hundreds digit of 16271231?
2
What is the billions digit of 8257631617?
8
What is the ten thousands digit of 4518309994?
0
What is the units digit of 740940838?
8
What is the units digit of 98652983?
3
What is the thousands digit of 701643892?
3
What is the tens digit of 493535950?
5
What is the units digit of 2398849241?
1
What is the hundreds digit of 5623296337?
3
What is the hundred thousands digit of 44056666?
0
What is the ten thousands digit of 23017786?
1
What is the thousands digit of 463993092?
3
What is the units digit of 31322818?
8
What is the millions digit of 816950165?
6
What is the thousands digit of 1100818609?
8
What is the units digit of 5873512?
2
What is the thousands digit of 507035103?
5
What is the hundreds digit of 7729852?
8
What is the tens digit of 313233350?
5
What is the tens digit of 75749592?
9
What is the hundreds digit of 23078182?
1
What is the ten thousands digit of 560704285?
0
What is the ten thousands digit of 165777538?
7
What is the tens digit of 2008033759?
5
What is the ten thousands digit of 8751685?
5
What is the ten millions digit of 799737794?
9
What is the hundred millions digit of 316076679?
3
What is the ten millions digit of 141867599?
4
What is the ten millions digit of 132662517?
3
What is the thousands digit of 2940239597?
9
What is the units digit of 8732272?
2
What is the ten millions digit of 65220630?
6
What is the hundreds digit of 17394381?
3
What is the ten thousands digit of 717358075?
5
What is the hundred thousands digit of 118590674?
5
What is the ten thousands digit of 63661002?
6
What is the millions digit of 11105715?
1
What is the ten thousands digit of 410262369?
6
What is the hundred thousands digit of 166518701?
5
What is the thousands digit of 60450753?
0
What is the units digit of 61981983?
3
What is the hundred thousands digit of 330669176?
6
What is the hundreds digit of 131743019?
0
What is the thousands digit of 38930936?
0
What is the thousands digit of 269140559?
0
What is the millions digit of 784562803?
4
What is the hundred thousands digit of 87416117?
4
What is the tens digit of 575485566?
6
What is the units digit of 51458914?
4
What is the hundreds digit of 963817120?
1
What is the hundred thousands digit of 40952627?
9
What is the ten thousands digit of 1117238103?
3
What is the units digit of 695600323?
3
What is the millions digit of 289653248?
9
What is the units digit of 287379395?
5
What is the ten millions digit of 40867917?
4
What is the thousands digit of 303372876?
2
What is the hundreds digit of 32652757?
7
What is the tens digit of 346734578?
7
What is the millions digit of 535946010?
5
What is the ten millions digit of 2733178580?
3
What is the thousands digit of 283231666?
1
What is the tens digit of 2127349001?
0
What is the thousands digit of 114678578?
8
What is the ten thousands digit of 206562587?
6
What is the ten millions digit of 792846424?
9
What is the units digit of 115912939?
9
What is the ten millions digit of 66129960?
6
What is the hundreds digit of 380994387?
3
What is the ten millions digit of 91354267?
9
What is the hundred thousands digit of 4680153591?
1
What is the thousands digit of 3634240570?
0
What is the thousands digit of 18250245?
0
What is the hundreds digit of 43230225?
2
What is the millions digit of 55305230?
5
What is the units digit of 718922351?
1
What is the thousands digit of 48480416?
0
What is the hundred millions digit of 1066236611?
0
What is the ten millions digit of 70074529?
7
What is the ten thousands digit of 150815487?
1
What is the hundreds digit of 1090846040?
0
What is the hundred thousands digit of 2266686567?
6
What is the ten thousands digit of 43605363?
0
What is the hundred millions digit of 361812768?
3
What is the tens digit of 76879770?
7
What is the thousands digit of 120719398?
9
What is the hundred millions digit of 843454829?
8
What is the millions digit of 33110668?
3
What is the hundred thousands digit of 524035852?
0
What is the thousands digit of 110079554?
9
What is the tens digit of 683353124?
2
What is the tens digit of 4039381489?
8
What is the ten thousands digit of 17116835?
1
What is the hundred thousands digit of 32781995?
7
What is the tens digit of 56205493?
9
What is the hundreds digit of 2863147801?
8
What is the hundred thousands digit of 2724989910?
9
What is the ten millions digit of 1012277889?
1
What is the ten millions digit of 862308972?
6
What is the ten thousands digit of 2474408443?
0
What is the millions digit of 537665625?
7
What is the ten millions digit of 134822786?
3
What is the thousands digit of 409469025?
9
What is the hundred millions digit of 931170044?
9
What is the tens digit of 5558270338?
3
What is the ten millions digit of 51007965?
5
What is the millions digit of 488931260?
8
What is the ten millions digit of 955741124?
5
What is the millions digit of 1554822?
1
What is the thousands digit of 21830150?
0
What is the millions digit of 190116294?
0
What is the thousands digit of 683594762?
4
What is the hundred thousands digit of 84140143?
1
What is the hundred thousands digit of 77949202?
9
What is the ten thousands digit of 726169669?
6
What is the hundreds digit of 25422062?
0
What is the tens digit of 30776705?
0
What is